Suppose s - 65 = 3*t. What is the remainder when t is divided by 12?
9
Let u = 29 - 18. What is the remainder when 20 is divided by u?
9
Suppose -5*t + 67 = 12. Calculate the remainder when t is divided by -7 + 3 + 10/1.
5
Calculate the remainder when (14/(-4))/(5/(-30)) is divided by 11.
10
Let q = -14 - -19. Suppose 3 = 2*f - 1. Calculate the remainder when 0/4 + (9 - q) is divided by f.
0
Suppose z + 9 = -2*z, -4*h = z - 113. What is the remainder when h is divided by 15?
14
Let r = -42 + 95. Calculate the remainder when r is divided by 18.
17
Let j = 3 + -1. What is the remainder when -1*(-1)/((-2)/(-6)) is divided by j?
1
Let u = 29 + -26. What is the remainder when 4 is divided by u?
1
Let v = 89 - 53. Calculate the remainder when 143 is divided by v.
35
Suppose -235 = 3*j + 2*j. Let r = -33 - j. What is the remainder when 40 is divided by r?
12
Let z(i) = i + 4. What is the remainder when 28 is divided by z(6)?
8
Suppose 30 + 6 = 3*f. What is the remainder when 47 is divided by f?
11
Let p be (-1)/3 - (-350)/15. Suppose p = 3*z - 2*z. What is the remainder when z is divided by 6?
5
Suppose -5*l - 2*s + 32 = 0, -2*l - 4*s + 8 = l. What is the remainder when 23 is divided by l?
7
Suppose 0 = -4*u + 2*u - 14. Let v(l) = 11*l + 3. Let h be v(u). Let j = h - -113. Calculate the remainder when j is divided by 20.
19
Suppose -5*o - 4*r + 99 = -99, 2*o = -r + 81. Let q = -26 + o. Let v = q + -8. Calculate the remainder when 14 is divided by v.
6
Calculate the remainder when 18 is divided by 33/5 - 8/(-20).
4
Let c(m) = 7*m + 4. Let p be c(3). Let u = -18 + p. What is the remainder when 19 is divided by u?
5
Let k = 9 - -14. Calculate the remainder when k is divided by 13.
10
Suppose 5*l - 562 = 738. Suppose -3*q = q - l. What is the remainder when q is divided by 17?
14
Calculate the remainder when 23 is divided by (-20)/(-3) - 4/(-3).
7
Let z(l) = -l**2 + 4*l - 3. What is the remainder when 3 is divided by z(2)?
0
Suppose -5*v + 45 = -2*j - 41, -5*v + 98 = 4*j. What is the remainder when v is divided by 7?
4
Suppose 4*h - 13 = -5. Suppose -3*d + 3*l + 48 = 0, 0 = d + h*d + 4*l - 13. Calculate the remainder when 30 - (-2)/(-3)*-3 is divided by d.
10
Let f be ((-376)/(-6))/((-6)/(-9)). Let c = f - 65. Suppose -5*j + 6*j = c. Calculate the remainder when j is divided by 10.
9
Let p = -50 + 24. Let q = -17 - p. What is the remainder when 25 is divided by q?
7
Suppose 5*i - 32 = -2*w, -4*i + 7 + 1 = 0. Let r = 5 + w. What is the remainder when 46 is divided by r?
14
Calculate the remainder when 25 is divided by 7 + 4 + (-8)/(-4 + 2).
10
Calculate the remainder when 38 is divided by (8/(-10))/(2 + 105/(-50)).
6
Suppose -f = 5*q - 15 - 17, -4*q = 4*f - 64. Calculate the remainder when 31 is divided by 2/6 + 92/f.
7
Let x(u) = u. Let d(l) = -30*l + 3. Let h(b) = -d(b) - 4*x(b). Calculate the remainder when h(2) is divided by 13.
10
Let q = -6 + 35. Calculate the remainder when q is divided by 3 + 2 + -1 + 4.
5
Let d(t) = -t + 1 + 0*t + 4*t. Calculate the remainder when 818/22 + 2/(-11) is divided by d(4).
11
Suppose 49 = g + 5*l - 42, -4*l = 4*g - 364. What is the remainder when g is divided by 32?
27
Let p(a) = 19*a**3 - 2*a + 1. Suppose 4*l - 59 = s - 19, -4*s = 3*l - 30. Calculate the remainder when p(1) is divided by l.
8
Let r(w) = w**3 + 6*w**2 - 2*w + 7. Let b = -3 + 7. Suppose 2*s - 18 = b. Calculate the remainder when r(-5) is divided by s.
9
Let q = 70 - 25. Let c = -28 + 40. What is the remainder when q is divided by c?
9
Suppose -2*y + 20 = 2*z, z - 2*y + 14 = 3*y. Suppose 4*a + 74 - z = 4*w, 0 = -5*w + 2*a + 100. What is the remainder when 43 is divided by w?
21
Let r be 3/(-12) - (-249)/(-12). What is the remainder when 42 is divided by (-245)/r + (-4)/6?
9
Let i be 0/((2 - 1) + -3). Suppose -3*q + 2*q + 3 = i. Suppose 2*s = 5*s, -2*s + 4 = 2*u. Calculate the remainder when q is divided by u.
1
Let j(u) = -u - 1. Let g be j(-7). Suppose g*k = 2*k - 8. Calculate the remainder when 2/(k*(-1)/13) is divided by 7.
6
What is the remainder when 57 is divided by ((-36)/(-4) + -4)*2?
7
Suppose 0 = -2*i + 6*i - 24. Let y be 1/i + 69/18. Calculate the remainder when (-66)/y*6/(-9) is divided by 4.
3
Suppose j - 2*o + 505 = 6*j, -5*o + 181 = 2*j. Calculate the remainder when j is divided by 18.
13
Suppose -3*i - 13 + 52 = 0. What is the remainder when i is divided by 4?
1
What is the remainder when 26 is divided by (-1)/(-8) + 495/72?
5
Suppose -3*i = 3*i - 168. Calculate the remainder when i is divided by 2 + (-15)/(-1) + -2.
13
Suppose 2*r + r - 786 = 0. Suppose -98 = 4*s - r. Suppose -2*f - l + 10 + 22 = 0, -3*l + 12 = 0. Calculate the remainder when s is divided by f.
13
Let d(m) = 4*m - 36. Calculate the remainder when d(17) is divided by 12.
8
Let x = 17 + -2. Suppose o + 2*o = 0, 4*t + 4*o = 112. Calculate the remainder when t is divided by x.
13
Let g = 189 + -59. Suppose -y = 0, -5*f + g = 2*y + 3*y. Suppose -4*s + 6*x + 50 = 3*x, -3*s + 4*x + 34 = 0. Calculate the remainder when f is divided by s.
12
Let d = 39 + -25. Let o be (-216)/8*10/(-3). Suppose -3*y - m = -4*m - 81, -5*m = 4*y - o. What is the remainder when y is divided by d?
11
Let w be (-2)/(1 + (-20)/12). Suppose -w*l + 5*u + 72 = 22, 0 = -5*u - 20. Calculate the remainder when 39 is divided by l.
9
Suppose x = k + 2, k - 2*x = -5 + 1. Let p(y) = -y**3 + y + 41. What is the remainder when p(k) is divided by 11?
8
Suppose 4*h - 6 = h. Suppose 15 = i + h. Calculate the remainder when 38 is divided by i.
12
Suppose 0 = -l + 17 - 74. What is the remainder when 22/(-33)*l/2 is divided by 2/(-3)*(-30)/2?
9
Calculate the remainder when 387/135 + (-2)/(-15) is divided by 2.
1
Let l(j) = j**3 + 7*j**2 - j + 7. Let x be l(-7). Let p = x - -2. What is the remainder when 61 is divided by p?
13
Suppose -5*y + 3*w + 140 = 0, -w - 75 = -2*y + 4*w. Let j = -10 - -19. What is the remainder when y is divided by j?
7
Suppose -2*o + 6 = -2*c, -5*c = -o - 0*o + 3. Calculate the remainder when 6 is divided by o.
0
Let a be 8 - 2 - (-2 + 5). Suppose a*n = -n + 60. What is the remainder when 59 is divided by n?
14
Let u(b) = -5*b - 4. Suppose -4*h - 3 + 27 = 0. Let j(n) = n**3 - 5*n**2 - 2*n - 5. Calculate the remainder when j(h) is divided by u(-3).
8
Let p(k) = k**2 + 2*k - 5. Let s(u) = u**3 - 6*u**2 + 4*u - 2. Let v be s(2). Let l be (-64)/v + (-4)/10. What is the remainder when p(l) is divided by 15?
13
Let v = 25 - -13. Calculate the remainder when v is divided by 8.
6
Suppose 3*n + 0*n + 4*a = 74, -n + 4*a = 2. Calculate the remainder when 70 is divided by n.
16
Let b be (3 - -4)/(-2 + 3). Suppose 30 = -2*l + b*l. Calculate the remainder when l is divided by 4.
2
Let x = -6 + 67. Suppose x = a - 2. What is the remainder when a is divided by 16?
15
Let c be (-88)/(-20) - 2/5. Suppose 3*f - c*w - 20 = -2*w, -4*w = -4*f + 24. Calculate the remainder when 4 is divided by 3/(-12) - (-26)/f.
1
Let z be (15/5)/((-6)/(-16)). Let x be (-2)/5 + 164/10. Let h = x - z. Calculate the remainder when 31 is divided by h.
7
Let r(m) = -m**3 + 2*m**2 - m + 2. Let z be r(2). Suppose 2*n = -z*n + 50. What is the remainder when 98 is divided by n?
23
Suppose -l - 7 = -3. Let i(h) = -15*h. What is the remainder when i(l) is divided by 21?
18
Let p = -18 - -35. What is the remainder when p is divided by 3?
2
Suppose -5*b - 4*f = -20, -5*b - f - 4*f = -25. Suppose 5*j - 9 = 4*n + 57, b = -3*j + 3*n + 39. What is the remainder when 55 is divided by j?
13
What is the remainder when 54 is divided by 2*(-1 - -3)*7?
26
What is the remainder when ((-12)/8 + 3)/(6/116) is divided by 16?
13
Let m be (-4)/(4 + 0 + -2). Let o = 29 + -16. What is the remainder when 33*m/(-3) - -3 is divided by o?
12
Let g(r) = -4*r**3 + r**2 + r + 1. Suppose -3*x = -5*a + 6 + 37, -3*a + 4*x = -28. Calculate the remainder when a is divided by g(-1).
3
Let r(q) = q**3 - 10*q**2 + q - 1. Let i be r(10). Suppose -o + 16 + i = 0. Let l = -27 - -40. Calculate the remainder when o is divided by l.
12
Suppose z - y = -z + 31, -4*y - 59 = -3*z. Let t = z - 7. Calculate the remainder when t is divided by 2.
0
Let b(g) = g**3 - 7*g**2 - g + 9. Let n be b(7). Suppose -4*i - n*s + 164 = 0, 3*i + 2*s - 133 = -2*s. What is the remainder when i is divided